 + -7. What are the prime factors of o?
13
Let h(y) = -y**2 - 8*y + 8. What are the prime factors of h(-8)?
2
List the prime factors of (138/4)/(7/(-2) - -4).
3, 23
Let r(x) be the first derivative of x**2/2 - 3*x - 2. List the prime factors of r(12).
3
Let r(p) be the second derivative of 0 + 1/3*p**3 - 5/2*p**2 - 2*p. List the prime factors of r(6).
7
Let v(a) = 2*a**2 - 3*a + 5. What are the prime factors of v(-4)?
7
Let y = -16 - -14. Suppose 3*k + 4 = -k. What are the prime factors of (y/(-5))/(k/(-15))?
2, 3
Let f = 2 + 0. Let b(p) = 3*p + 2*p**2 + p**2 - 4*p**f. List the prime factors of b(2).
2
Let p be 2 + (-1 - (1 + -5)). Let n(h) = 2*h**2 - 2*h + 5. Let d be n(-4). Suppose u = 5*x + 5*u - d, -p = -2*x + u. List the prime factors of x.
5
Let j be 4/((-6)/(-27)*-3). Let w(f) = -f**2 - 6*f + 2. Let n be w(j). What are the prime factors of -3 + (-15)/(-3) + n?
2
Let q(v) = v - 1. Let o be q(-3). Let x = 18 + -12. List the prime factors of o*(-4)/(8/x).
2, 3
Suppose 0*z - 57 = -3*z. List the prime factors of z.
19
Let b(a) = 4*a + a**3 + 6*a**2 - 2*a**3 - 9*a. Let q be ((-1)/1 + -7)/(-2). What are the prime factors of b(q)?
2, 3
Let t(l) = l**2 - 11*l - 14. Suppose -11 = -5*u + 5*m + 44, -5*m = -2*u + 16. List the prime factors of t(u).
2, 3
Let h = 7 - 4. Let g(d) = h*d + 4*d**2 + 2 + 0*d**2 + 0*d**2. List the prime factors of g(-2).
2, 3
Suppose 5*g + 2*v = 340, -g - 4*v = 3*g - 260. Suppose -3*s = -f + 28, s - 3*s = -3*f + g. What are the prime factors of f?
2, 11
Let d(o) = -o**3 - 5*o**2 - 2*o - 7. Let l be d(-5). Let h be (-3 - -3)/(2/2). List the prime factors of (-1 - -12) + h/l.
11
Let a(b) be the first derivative of 29*b**3/3 + b**2/2 - 1. Let v be a(-1). Suppose p = -o + 13 - 4, 2*p - v = -4*o. List the prime factors of p.
2
Let m = -1 - -32. List the prime factors of m.
31
Let g(d) = -3*d - 1 + 0*d - 3*d + 7*d + 2*d**2. What are the prime factors of g(-2)?
5
What are the prime factors of 1/2 + (-792)/(-16)?
2, 5
Let a(s) = 15*s - 16. What are the prime factors of a(6)?
2, 37
Let n = -1 + 3. Suppose 0*t - 2*i = -t + 3, 0 = -n*t - 2*i + 12. Suppose -t = w - 2*w. List the prime factors of w.
5
Suppose 5 = 2*m - 1. What are the prime factors of 18/(m/((-3)/(-2)))?
3
List the prime factors of (-14)/((-4)/(0 + 40)) + -2.
2, 3, 23
Suppose -27 - 39 = -r. What are the prime factors of r?
2, 3, 11
Let v(k) be the first derivative of -k**3/3 + 4*k**2 + 3*k - 3. List the prime factors of v(6).
3, 5
Let d(w) = -w + 5. Let m(f) = 2*f - 10. Let q(x) = 11*d(x) + 6*m(x). Let j be q(5). Suppose j*n - 2 = -n. What are the prime factors of n?
2
Let m(q) = q**3 + 3*q**2 - q - 3. Let h be m(-3). Let f(s) = s**2 - 6*s + 3. Let i be f(7). Let l = i - h. What are the prime factors of l?
2, 5
Let g = 16 - 9. Let k = g - 4. List the prime factors of k.
3
List the prime factors of -7 + 2 + -11 + 362.
2, 173
Let h = 7 - -26. What are the prime factors of h?
3, 11
Let y(s) = -s**2 - 13*s - 8. Let f be y(-12). List the prime factors of (-7 + -1)*f/(-4).
2
Let y(z) = -2*z**3 - z**2 + 2*z - 1. Let k be y(-2). Let d be (4 - 0)/(-5 + k). Suppose 5*j + 17 = u + u, -j - 21 = -d*u. List the prime factors of u.
11
Suppose 14 = -4*t + 6*t. Let c = 23 - t. What are the prime factors of c?
2
Let n = -17 - -77. Suppose -a = -0*a - n. Suppose -2*t - 3*t = -a. List the prime factors of t.
2, 3
Let t be 1 - (-4 - (-1 - 1)). Let h = -14 - -16. Suppose 5*x - h*k - 71 = -0*k, -t*k - 9 = -x. What are the prime factors of x?
3, 5
Suppose 5*u = 132 + 13. List the prime factors of u.
29
Let l be 4/(-14) + (-51)/(-7). Suppose -3*m - f = m - l, 4*m + 5*f = 3. List the prime factors of m.
2
Suppose -4*r = -s - 14, 4*s = 3*s - r + 11. List the prime factors of s/(-9)*57/(-2).
19
Suppose -46 = -j - 0*j. What are the prime factors of j?
2, 23
Let q(r) = 3*r**3 - 5*r**2 - 11*r + 15. List the prime factors of q(5).
2, 3, 5, 7
Let p(a) = a**2 - 5*a + 3. Let l be p(5). Suppose 3*r = l*y + 54, -49 = -3*r - 2*y - 0*y. List the prime factors of r.
17
Let f(y) = -y - 4. Suppose -2*i - 5*h = 3, -5*i + h = -h + 22. Let s be f(i). Suppose s + 14 = 2*b. What are the prime factors of b?
7
List the prime factors of (38 + -2)/(24/16).
2, 3
Let m be -1 - -2 - (-4 + 44). Let r = 56 + m. List the prime factors of r.
17
Suppose 0*t - 55 = -5*t. Suppose -g + t = -0*g. What are the prime factors of g?
11
Let w(v) = 2*v**3 - 6*v**2 - v**3 - 4*v - 3 + v**2. Let r(a) = -a**3 - 2*a**2 - 2*a + 2. Let m be r(-2). What are the prime factors of w(m)?
3
Let h = -3 + 5. What are the prime factors of h?
2
Suppose -n = -68 + 25. List the prime factors of n.
43
Let n be ((-3)/(-5) + 0)*-5. What are the prime factors of n/(-18) - 322/(-12)?
3
List the prime factors of (-2 - 188/(-8))/(1/12).
2, 3, 43
Let s(i) = -2*i - 4. Suppose -3*l - l = -20. Suppose v + 3*a - 3 = -0*a, -v = l*a - 9. List the prime factors of s(v).
2
Suppose 1043 = 11*l - 1982. What are the prime factors of l?
5, 11
Let w be 22 + 0 + (-2 - -4). Suppose w = 2*j - 4*r, 0 = -3*j - r - 2*r + 18. List the prime factors of j.
2
Let z(b) = -b. Suppose -3*m = -0*m + 36. Let o be z(m). Suppose -o = 5*q - 9*q. List the prime factors of q.
3
Let q(t) = 3*t - 7. Let g(l) = -2*l**2 + 2*l. Let f be g(2). Let d(j) = 3*j - 8. Let p(b) = f*q(b) + 3*d(b). What are the prime factors of p(-3)?
13
Let m(v) = 5*v**2 - 4*v + 14. What are the prime factors of m(-5)?
3, 53
Let v(j) = -j**2 - 11*j - 6. What are the prime factors of v(-8)?
2, 3
Suppose -a - 2*a = -69. What are the prime factors of a?
23
Let s(x) = -3 + 2*x**3 + 7*x - 3*x**3 - 5 - 7*x**2. Let r be s(-8). Suppose 6*a - 2*o - 17 = a, 4*a + 3*o - 32 = r. What are the prime factors of a?
5
Let p be 17*(2 + 154)/(-3). List the prime factors of p/(-28) - (-6)/14.
2
Suppose 3*q = l - 59, l - 2*l = 3*q - 77. List the prime factors of l.
2, 17
Let i be 4/4*0/1. Suppose -v + i + 1 = 0. What are the prime factors of v + 5/((-5)/(-8))?
3
Let z(h) = -54*h + 52. Let s(g) = -18*g + 17. Let b(f) = -10*s(f) + 3*z(f). Let t(x) = 6*x - 5. Let p(n) = -4*b(n) + 11*t(n). List the prime factors of p(-2).
13
What are the prime factors of (-93)/(-7) + 22/(-77)?
13
Let b(c) = c**2 - 12*c + 22. List the prime factors of b(11).
11
Let y(w) = w**2 + 4*w + 2. Let u be y(-4). Suppose -2*l = u*l - 40. Suppose -l = 3*h - 4*h. List the prime factors of h.
2, 5
What are the prime factors of (41 - 0)/(-2 - (-6 + 3))?
41
Suppose -198 = -2*n - v, n - 5*v - 108 = -9. Suppose 2*u + n = 3*t, 5*t - 2*u = 236 - 67. What are the prime factors of t?
5, 7
Suppose 104 = 2*z + 4*j, j - 146 = -z - 2*z. What are the prime factors of z?
2, 3
Let x(n) = n**3 + 7*n**2 - n - 1. Let z be x(-7). Let h(j) = j**3 - 7*j**2 + 7*j - 3. What are the prime factors of h(z)?
3
Suppose -c + 5*h + 56 = 0, -3*h = -4*c + 90 + 49. What are the prime factors of c?
31
Suppose x + 3 - 5 = 0. Suppose -x*l + 30 = -36. What are the prime factors of l?
3, 11
Let a(d) = 5*d**3 + d**2 - d. Let c be a(1). Suppose n + 5*x + 5 = 0, c*n - 86 = -4*x - 6. What are the prime factors of n?
2, 5
Suppose -4*m - 3*z + 9 = -0*z, -3*z = -9. Suppose 2*x + 26 - 2 = m. What are the prime factors of x*(1 + (-9)/4)?
3, 5
Let q(h) = h**3 - 14*h**2 - 13*h - 21. What are the prime factors of q(16)?
283
Let c be ((-6)/(-1))/(-1 + 0). Let k(o) = -o**3 - 5*o**2 + 7*o + 1. Let d be k(c). Let r = d - -15. What are the prime factors of r?
2, 5
Let r(y) = y**2 + y - 4. Let f(p) = 1. Let l(g) = 2*f(g) + r(g). Let n be (-1)/1 - (1 - -2). List the prime factors of l(n).
2, 5
Suppose 0 = -2*x - 12. List the prime factors of (x/(-5))/((-14)/(-105)).
3
Suppose -105 = -4*i + i. Let u be (10/i)/(1/7). Suppose u = -3*h + 23. List the prime factors of h.
7
Let j = -288 + 606. Suppose -2 + 0 = 2*g, -4*a - 2*g + j = 0. Suppose 18 = s + w, 3*s + 4*w = -21 + a. List the prime factors of s.
13
Let z(v) = 7*v**2 + 12*v + 9. What are the prime factors of z(-7)?
2, 67
Suppose 0 = u - 5*r - 144, 0 = 4*u + r - 518 - 58. List the prime factors of u.
2, 3
Let o(x) = 144*x**2 + x - 1. What are the prime factors of o(1)?
2, 3
Suppose 0 = 2*n + 2*v - 398, 5*n - 187 = 3*v + 792. What are the prime factors of n?
197
Suppose -5*s + 538 = -2*m + 93, 4*s - m - 359 = 0. Let n = 132 - s. List the prime factors of n.
41
Suppose 216 = 9*u - 6*